{"id":2336,"date":"2026-05-12T08:37:54","date_gmt":"2026-05-12T06:37:54","guid":{"rendered":"https:\/\/5milimetros.com\/candeeiro-de-teto-merida\/"},"modified":"2026-08-30T15:25:40","modified_gmt":"2026-08-30T13:25:40","slug":"candeeiro-de-teto-merida","status":"publish","type":"product","link":"https:\/\/5milimetros.com\/pt-pt\/candeeiro-de-teto-merida\/","title":{"rendered":"Candeeiro de teto M\u00e9rida"},"content":{"rendered":"<section class=\"product-use\" aria-labelledby=\"uso-farol-techo\">\n<h2 id=\"uso-farol-techo\">Utiliza\u00e7\u00e3o recomendada<\/h2>\n<p>O <strong>candeeiro de teto<\/strong> M\u00e9rida funciona bem em entradas, alpendres, p\u00e1tios ou corredores onde a ilumina\u00e7\u00e3o tamb\u00e9m faz parte da decora\u00e7\u00e3o. O vidro transparente nas quatro faces proporciona uma luz clara e uniforme, sem sombras pesadas, enquanto a estrutura em ferro forjado artesanal d\u00e1 presen\u00e7a sem resultar carregada. Nos acabamentos preto, marfim ou branco, acompanha tanto espa\u00e7os r\u00fasticos como ambientes mais s\u00f3brios e atuais.<\/p>\n<\/section>\n","protected":false},"excerpt":{"rendered":"<section class=\"product-description\" aria-labelledby=\"descricao-farol-techo\">\n<h2 id=\"descricao-farol-techo\">Candeeiro de teto<\/h2>\n<p>O <strong>candeeiro de teto<\/strong> M\u00e9rida junta uma estrutura em ferro forjado e vidro transparente num design pensado para iluminar interiores e exteriores com uma presen\u00e7a limpa e equilibrada. \u00c9 ideal para alpendres, entradas, p\u00e1tios interiores ou corredores onde se procura ilumina\u00e7\u00e3o decorativa sem excessos.<\/p>\n<p>Fabricado artesanalmente pela 5 mil\u00edmetros, tem quatro faces envidra\u00e7adas que favorecem uma luz clara e acabamento em pintura em p\u00f3 para uma termina\u00e7\u00e3o uniforme.<\/p>\n<p>Escolha entre as cores preto, marfim ou branco, para encontrar o acabamento que melhor combina com o seu espa\u00e7o.<\/p>\n<\/section>\n<section class=\"product-dimensions\" aria-labelledby=\"dimensoes-farol-techo\">\n<h2 id=\"dimensoes-farol-techo\">Dimens\u00f5es<\/h2>\n<ul>\n<li><strong>Larguras<\/strong>: 17 cm, 24 cm, 29 cm.<\/li>\n<li><strong>Altura<\/strong>: 71 cm, 79 cm, 83 cm.<\/li>\n<li>A altura inclui a corrente.<\/li>\n<\/ul>\n<\/section>\n<section class=\"product-materials\" aria-labelledby=\"materiais-farol-techo\">\n<h2 id=\"materiais-farol-techo\">Materiais<\/h2>\n<ul>\n<li>Material principal: <strong>ferro forjado artesanal<\/strong>.<\/li>\n<li>Difusor: <strong>vidro transparente<\/strong> nas quatro faces.<\/li>\n<li>Acabamentos: preto, marfim e branco.<\/li>\n<li>Termina\u00e7\u00e3o: <strong>pintura em p\u00f3<\/strong>.<\/li>\n<li>Produto 100% recicl\u00e1vel.<\/li>\n<\/ul>\n<\/section>\n","protected":false},"featured_media":2337,"comment_status":"open","ping_status":"closed","template":"","meta":[],"product_brand":[203],"product_cat":[151],"product_tag":[],"class_list":["post-2336","product","type-product","status-publish","has-post-thumbnail","product_brand-5milimetros","product_cat-lanternas-de-ferro-forjado","has-featured","first","instock","taxable","shipping-taxable","purchasable","product-type-variable"],"_links":{"self":[{"href":"https:\/\/5milimetros.com\/pt-pt\/wp-json\/wp\/v2\/product\/2336","targetHints":{"allow":["GET"]}}],"collection":[{"href":"https:\/\/5milimetros.com\/pt-pt\/wp-json\/wp\/v2\/product"}],"about":[{"href":"https:\/\/5milimetros.com\/pt-pt\/wp-json\/wp\/v2\/types\/product"}],"replies":[{"embeddable":true,"href":"https:\/\/5milimetros.com\/pt-pt\/wp-json\/wp\/v2\/comments?post=2336"}],"wp:featuredmedia":[{"embeddable":true,"href":"https:\/\/5milimetros.com\/pt-pt\/wp-json\/wp\/v2\/media\/2337"}],"wp:attachment":[{"href":"https:\/\/5milimetros.com\/pt-pt\/wp-json\/wp\/v2\/media?parent=2336"}],"wp:term":[{"taxonomy":"product_brand","embeddable":true,"href":"https:\/\/5milimetros.com\/pt-pt\/wp-json\/wp\/v2\/product_brand?post=2336"},{"taxonomy":"product_cat","embeddable":true,"href":"https:\/\/5milimetros.com\/pt-pt\/wp-json\/wp\/v2\/product_cat?post=2336"},{"taxonomy":"product_tag","embeddable":true,"href":"https:\/\/5milimetros.com\/pt-pt\/wp-json\/wp\/v2\/product_tag?post=2336"}],"curies":[{"name":"wp","href":"https:\/\/api.w.org\/{rel}","templated":true}]}}

Candeeiro de teto Mérida

<section class="product-use" aria-labelledby="uso-farol-techo">
<h2 id="uso-farol-techo">Utilização recomendada</h2>
<p>O <strong>candeeiro de teto</strong> Mérida funciona bem em entradas, alpendres, pátios ou corredores onde a iluminação também faz parte da decoração. O vidro transparente nas quatro faces proporciona uma luz clara e uniforme, sem sombras pesadas, enquanto a estrutura em ferro forjado artesanal dá presença sem resultar carregada. Nos acabamentos preto, marfim ou branco, acompanha tanto espaços rústicos como ambientes mais sóbrios e atuais.</p>
</section>

<section class="product-description" aria-labelledby="descricao-farol-techo">
<h2 id="descricao-farol-techo">Candeeiro de teto</h2>
<p>O <strong>candeeiro de teto</strong> Mérida junta uma estrutura em ferro forjado e vidro transparente num design pensado para iluminar interiores e exteriores com uma presença limpa e equilibrada. É ideal para alpendres, entradas, pátios interiores ou corredores onde se procura iluminação decorativa sem excessos.</p>
<p>Fabricado artesanalmente pela 5 milímetros, tem quatro faces envidraçadas que favorecem uma luz clara e acabamento em pintura em pó para uma terminação uniforme.</p>
<p>Escolha entre as cores preto, marfim ou branco, para encontrar o acabamento que melhor combina com o seu espaço.</p>
</section>
<section class="product-dimensions" aria-labelledby="dimensoes-farol-techo">
<h2 id="dimensoes-farol-techo">Dimensões</h2>
<ul>
<li><strong>Larguras</strong>: 17 cm, 24 cm, 29 cm.</li>
<li><strong>Altura</strong>: 71 cm, 79 cm, 83 cm.</li>
<li>A altura inclui a corrente.</li>
</ul>
</section>
<section class="product-materials" aria-labelledby="materiais-farol-techo">
<h2 id="materiais-farol-techo">Materiais</h2>
<ul>
<li>Material principal: <strong>ferro forjado artesanal</strong>.</li>
<li>Difusor: <strong>vidro transparente</strong> nas quatro faces.</li>
<li>Acabamentos: preto, marfim e branco.</li>
<li>Terminação: <strong>pintura em pó</strong>.</li>
<li>Produto 100% reciclável.</li>
</ul>
</section>
