{"id":2616,"date":"2026-03-04T07:34:30","date_gmt":"2026-03-04T06:34:30","guid":{"rendered":"https:\/\/5milimetros.com\/mesa-de-centro-elevavel-alcolea\/"},"modified":"2026-08-30T15:25:53","modified_gmt":"2026-08-30T13:25:53","slug":"mesa-de-centro-elevavel-alcolea","status":"publish","type":"product","link":"https:\/\/5milimetros.com\/pt-pt\/mesa-de-centro-elevavel-alcolea\/","title":{"rendered":"Mesa de centro elev\u00e1vel Alcolea"},"content":{"rendered":"<section class=\"product-use\" aria-labelledby=\"product-use\">\n<h2 id=\"product-use\">Utiliza\u00e7\u00e3o recomendada<\/h2>\n<p>A <strong>mesa de centro<\/strong> elev\u00e1vel Alcolea combina funcionalidade e estilo num desenho pensado para se adaptar a diferentes usos dentro do lar.<\/p>\n<p>Fabricada integralmente em <strong>ferro forjado de m\u00e1xima qualidade<\/strong>, permite ajustar a altura em duas posi\u00e7\u00f5es (50 cm e 70 cm), o que torna f\u00e1cil utiliz\u00e1-la como mesa de centro ou como mesa de apoio consoante a ocasi\u00e3o.<\/p>\n<\/section>\n","protected":false},"excerpt":{"rendered":"<section class=\"product-description\" aria-labelledby=\"product-description\">\n<h2 id=\"product-description\">Mesa de centro elev\u00e1vel<\/h2>\n<p>A Alcolea \u00e9 uma <strong>mesa de centro elevat\u00f3ria em ferro<\/strong> de est\u00e9tica colonial-r\u00fastica que d\u00e1 car\u00e1cter e valor decorativo \u00e0 sua sala de estar, tornando-se uma pe\u00e7a vers\u00e1til para o interior do lar. Gra\u00e7as \u00e0 sua altura regul\u00e1vel, pode us\u00e1-la como mesa de centro ou elev\u00e1-la para a usar como mesa de apoio no dia a dia.<\/p>\n<\/section>\n<section class=\"product-dimensions\" aria-labelledby=\"product-dimensions\">\n<h2 id=\"product-dimensions\">Dimens\u00f5es<\/h2>\n<ul>\n<li><strong>Altura mesa de centro<\/strong>: 50 cm<\/li>\n<li><strong>Altura mesa de apoio<\/strong>: 70 cm<\/li>\n<li><strong>Medidas dispon\u00edveis<\/strong>:\n<ul>\n<li>100 \u00d7 60 cm<\/li>\n<li>110 \u00d7 60 cm<\/li>\n<li>120 \u00d7 70 cm<\/li>\n<li>120 \u00d7 80 cm<\/li>\n<li>130 \u00d7 80 cm<\/li>\n<li>140 \u00d7 80 cm<\/li>\n<li>150 \u00d7 90 cm<\/li>\n<\/ul>\n<\/li>\n<\/ul>\n<\/section>\n<section class=\"product-materials\" aria-labelledby=\"product-materials\">\n<h2 id=\"product-materials\">Materiais<\/h2>\n<ul>\n<li><strong>Estrutura<\/strong>: ferro forjado de alta resist\u00eancia<\/li>\n<li><strong>Acabamentos dispon\u00edveis<\/strong>: preto, marfim e branco<\/li>\n<li><strong>Observa\u00e7\u00e3o<\/strong>: o pre\u00e7o n\u00e3o inclui vidro<\/li>\n<\/ul>\n<\/section>\n","protected":false},"featured_media":2617,"comment_status":"open","ping_status":"closed","template":"","meta":[],"product_brand":[203],"product_cat":[144],"product_tag":[],"class_list":["post-2616","product","type-product","status-publish","has-post-thumbnail","product_brand-5milimetros","product_cat-mesas-de-centro-elevatorias","has-featured","first","instock","taxable","shipping-taxable","purchasable","product-type-variable"],"_links":{"self":[{"href":"https:\/\/5milimetros.com\/pt-pt\/wp-json\/wp\/v2\/product\/2616","targetHints":{"allow":["GET"]}}],"collection":[{"href":"https:\/\/5milimetros.com\/pt-pt\/wp-json\/wp\/v2\/product"}],"about":[{"href":"https:\/\/5milimetros.com\/pt-pt\/wp-json\/wp\/v2\/types\/product"}],"replies":[{"embeddable":true,"href":"https:\/\/5milimetros.com\/pt-pt\/wp-json\/wp\/v2\/comments?post=2616"}],"wp:featuredmedia":[{"embeddable":true,"href":"https:\/\/5milimetros.com\/pt-pt\/wp-json\/wp\/v2\/media\/2617"}],"wp:attachment":[{"href":"https:\/\/5milimetros.com\/pt-pt\/wp-json\/wp\/v2\/media?parent=2616"}],"wp:term":[{"taxonomy":"product_brand","embeddable":true,"href":"https:\/\/5milimetros.com\/pt-pt\/wp-json\/wp\/v2\/product_brand?post=2616"},{"taxonomy":"product_cat","embeddable":true,"href":"https:\/\/5milimetros.com\/pt-pt\/wp-json\/wp\/v2\/product_cat?post=2616"},{"taxonomy":"product_tag","embeddable":true,"href":"https:\/\/5milimetros.com\/pt-pt\/wp-json\/wp\/v2\/product_tag?post=2616"}],"curies":[{"name":"wp","href":"https:\/\/api.w.org\/{rel}","templated":true}]}}

Mesa de centro elevável Alcolea

<section class="product-use" aria-labelledby="product-use">
<h2 id="product-use">Utilização recomendada</h2>
<p>A <strong>mesa de centro</strong> elevável Alcolea combina funcionalidade e estilo num desenho pensado para se adaptar a diferentes usos dentro do lar.</p>
<p>Fabricada integralmente em <strong>ferro forjado de máxima qualidade</strong>, permite ajustar a altura em duas posições (50 cm e 70 cm), o que torna fácil utilizá-la como mesa de centro ou como mesa de apoio consoante a ocasião.</p>
</section>

<section class="product-description" aria-labelledby="product-description">
<h2 id="product-description">Mesa de centro elevável</h2>
<p>A Alcolea é uma <strong>mesa de centro elevatória em ferro</strong> de estética colonial-rústica que dá carácter e valor decorativo à sua sala de estar, tornando-se uma peça versátil para o interior do lar. Graças à sua altura regulável, pode usá-la como mesa de centro ou elevá-la para a usar como mesa de apoio no dia a dia.</p>
</section>
<section class="product-dimensions" aria-labelledby="product-dimensions">
<h2 id="product-dimensions">Dimensões</h2>
<ul>
<li><strong>Altura mesa de centro</strong>: 50 cm</li>
<li><strong>Altura mesa de apoio</strong>: 70 cm</li>
<li><strong>Medidas disponíveis</strong>:
<ul>
<li>100 × 60 cm</li>
<li>110 × 60 cm</li>
<li>120 × 70 cm</li>
<li>120 × 80 cm</li>
<li>130 × 80 cm</li>
<li>140 × 80 cm</li>
<li>150 × 90 cm</li>
</ul>
</li>
</ul>
</section>
<section class="product-materials" aria-labelledby="product-materials">
<h2 id="product-materials">Materiais</h2>
<ul>
<li><strong>Estrutura</strong>: ferro forjado de alta resistência</li>
<li><strong>Acabamentos disponíveis</strong>: preto, marfim e branco</li>
<li><strong>Observação</strong>: o preço não inclui vidro</li>
</ul>
</section>
